q - 2. Let c(a) = 5*a**2 + 11*a + 3. Let j(r) = c(r) + 6*f(r). Let w be ((-36)/42)/((-3)/(-21)). What is j(w)?
-3
Let i(c) be the third derivative of c**6/120 - 7*c**5/60 - c**4/12 - 17*c**3/6 - 525*c**2 - 2. Determine i(7).
-31
Let n be (-4)/(-6) - 10/15. Let b(p) = 140 - 137 - 4*p + n*p. Let l(i) = 1. Let d(r) = b(r) - 3*l(r). Calculate d(3).
-12
Let y(c) = -15*c. Let z be 6 + (2 - 9) - (-12)/6. Determine y(z).
-15
Let h(p) be the third derivative of -p**6/120 - 2*p**5/15 - 7*p**4/24 + 4*p**3/3 - 2*p**2. Let b = 6222 + -6229. What is h(b)?
8
Let l(x) = x**3 + x + 2. Suppose 10 = 5*u, 3*m - 4*u + 1414 - 77 = 0. Let j = m + 445. Determine l(j).
12
Let f(j) = 3*j**2 - 54*j - 369. Let k(o) = -2*o**2 + 31*o + 367. Let z(g) = 3*f(g) + 4*k(g). Give z(17).
4
Let q(b) = 25*b + 7. Suppose -17*h + 82*h + 110 = -20. Calculate q(h).
-43
Let o(a) = a**3 + 22*a**2 - 23*a - 1. Let w = 7632 + -7655. Determine o(w).
-1
Let k(o) = -5*o**2 + 16*o + 14. Let n(b) = -9*b**2 + 31*b + 27. Let g be ((-11)/(-4))/(8 - 132/16). Let w(t) = g*k(t) + 6*n(t). What is w(-8)?
-8
Let b(w) = -w**3 + 3*w + 28. Let x be b(0). Suppose -209 = -5*v - 2*s, -4*s - x = -v - 9*s. Let p = -38 + v. Let d(m) = m**3 - 5*m**2 + 3*m - 5. Determine d(p).
10
Let s be -5*1 - 28/((-20)/5). Let m(a) = -4*a**3 + 0*a**3 - s*a**3 + 7*a**3 + 2*a + 10*a - 11*a**2 - 14. Give m(10).
6
Let o(a) = 14*a - 8. Let n(i) = -13*i + 8. Let r(k) = -8*n(k) - 7*o(k). Determine r(-5).
-38
Let z(j) = -11 - 3*j - 2*j - 24 + 2*j + j**2 + 23*j. Give z(-21).
-14
Let j(d) = 7*d**2 - 5*d - 11. Let m(s) = -6*s**2 + 5*s + 10. Let n(i) = 5*j(i) + 6*m(i). Let r(v) = 2*v + 3*v - 2*v + 18 - v. Let y be r(-6). What is n(y)?
-1
Let t(v) = -14647*v - 2 - 26 + 9 + 14663*v - v**2 - 9. Determine t(14).
0
Suppose 0 = -247*i + 265*i - 108. Let u(k) be the second derivative of 0 + 1/6*k**3 - 7/2*k**2 - 3*k. Give u(i).
-1
Let q be 472/(-56) + (-6)/(-14). Suppose 4*v = 4*b - 20, -7*b + 25 = -2*b. Let r(d) = -136*d + 135*d + v - 2. What is r(q)?
6
Suppose -5*j = r - 42, -2*r = -1 + 7. Suppose 0 = 4*x - 17 + j. Suppose -4*t = x*l + 2, -3*t - 5 = 5*l - 5*t. Let c(g) = -15*g + 1. Determine c(l).
16
Suppose 30*l = -4*l + 136. Let q(u) = -1 - 2 - l + u**2 - 1 - 7*u. What is q(7)?
-8
Let z = 172 + -120. Let u be 4/(-26) + -623*8/z. Let v = u - -93. Let i(k) = k**3 + 4*k**2 + 3*k. Give i(v).
0
Let f(o) be the second derivative of o**4/12 - o**3/3 - o**2 + 5*o. Suppose 185 - 41 = 6*w. Suppose -22*x = -w*x + 8. What is f(x)?
6
Suppose -u + 30 = 4*u. Let q = u - 4. Let l(p) = 146*p + 27. Let c(o) = 22*o + 4. Let k(n) = -60*c(n) + 9*l(n). Calculate k(q).
-9
Let t(g) = -g**2 - 23*g + 17. Suppose -927*i - 690 = -897*i. Give t(i).
17
Let c(q) be the third derivative of -23*q**4/8 + 250*q**3/3 - 2*q**2 - 10257*q. Give c(7).
17
Let i(l) = 38*l - 5. Let g = -1375 - -1373. Calculate i(g).
-81
Let j = 95 + -63. Let a = 20 - j. Let h(z) = -z**3 - 11*z**2 + 14*z + 18. Give h(a).
-6
Let q(u) = -4*u - 88. Suppose 0 = -2*b + 3*d - 58, 0 = 2*b - 2*d + 15 + 37. What is q(b)?
-8
Suppose -7 + 5 = k. Let y be k + (-6)/(-2) + (-12)/(-4). Let f(b) = -3 - 5*b - 3 + y*b. Calculate f(-4).
-2
Let f(q) be the third derivative of q**7/5040 + q**6/120 - 9*q**5/20 + 47*q**2 - 2*q. Let l(p) be the third derivative of f(p). What is l(-6)?
0
Let f(h) be the first derivative of h**2 - 4*h - 2858. Let u(z) = -2*z + 4. Let y be u(4). Give f(y).
-12
Let u(s) = 4*s**2 - 4*s + 8. Suppose 51*d = -59*d + 660. What is u(d)?
128
Let f(y) be the first derivative of -y**3 - 5*y**2/2 + 2*y + 2960. Calculate f(-2).
0
Let t be (-640)/(-200)*135/(-36). Let k(l) = 9*l + 59. Determine k(t).
-49
Let n(x) be the second derivative of x**5/4 + 5*x**4/12 + x**3 - x**2 + 82*x. Determine n(-3).
-110
Let i(o) be the third derivative of 2*o**2 + 1/3*o**4 - 1/2*o**3 - 84 + 1/60*o**5 + 0*o. Determine i(-5).
-18
Let v(p) = p**2 - 8*p + 25. Let j(o) = 13*o**2 - 765*o - 107. Let z be j(59). Determine v(z).
58
Suppose -6 = 4*s + 3*c - 62, 5*s + 4*c - 69 = 0. Let d(v) = v**2 - 15*v + 17. Give d(s).
51
Let r be ((-32109)/(-3892))/((-11)/(-12)). Let u(f) = -f**2 + 2*f**2 + 5 - 10*f - 14. Determine u(r).
-18
Let s(t) = t - 4. Let o(l) = l**2 + 3*l - 17. Suppose 359 = -46*r + 37. Let c be o(r). Give s(c).
7
Suppose v - 9 = -p - 2*p, 22 = -2*v + 4*p. Let g(b) = b + 3. Let n(i) = -6*i + 8. Let c(x) = v*g(x) - n(x). Calculate c(7).
4
Let z(o) = -11*o + 1. Let f(x) = 5*x. Suppose 5*n = -w + 8*n - 22, 3 = n. Let y(m) = w*f(m) - 6*z(m). Calculate y(-6).
-12
Let x(q) = -5*q + 12. Let l(u) = 14*u - 34. Let s(j) = -6*l(j) - 17*x(j). Let n(v) = v**3 - 16*v**2 + 2*v - 3. Let f be n(16). Let o = f - 30. Give s(o).
-1
Let m(t) = 11*t + 4. Let z(f) = 5*f + 2. Let j(c) = 4*m(c) - 9*z(c). Let s be 3/(-13) - 2520/(-780). Determine j(s).
-5
Let x(y) be the second derivative of -y**3/2 + 31*y**2/2 - y. Let h be -4 + 60/14 + (-4200)/(-392). Give x(h).
-2
Let r(u) be the second derivative of -u**5/10 + 2*u**4/3 - 11*u**3/6 - 2*u**2 + 15*u - 37. Calculate r(2).
-10
Let n(c) = c**3 + 2*c**2 - 4*c - 3. Let q(w) = -w**3 - 8*w**2 + 8*w - 5. Let x be q(-9). Suppose 5*z + 11 = -4*t, 3*z + 0*t = -x*t - 5. What is n(z)?
0
Let h(u) be the third derivative of -u**6/120 + 19*u**5/60 + u**4/12 - 13*u**3/6 + 3*u**2 - 73*u. Calculate h(19).
25
Let c(q) = -q**2 - 9*q - 17. Let l be c(-10). Let v be (l/15)/(12/(-40)). Let k(o) = 3*o - v*o + 0 - 9 + 2*o. Determine k(-5).
-4
Let r(k) be the third derivative of -5/24*k**4 + 1/12*k**5 - 4 + 1/3*k**3 - 1/120*k**6 + k**2 + 0*k. What is r(4)?
-2
Let u(c) = c**2 + 12*c + 2. Let o(w) = w**3 - 22*w**2 - 51*w + 72. Let d be o(24). Suppose g = 3*i + 6 - 14, -5*g - 4*i - 59 = d. Give u(g).
-9
Let j(h) = -3*h**3 + 5*h**2 - 5*h + 82. Let g(w) = -2*w**3 + 2*w**2 - 2*w + 2. Let t(s) = 2*g(s) - j(s). Give t(0).
-78
Let t(j) be the second derivative of j**4/12 - 4*j**3/3 - j**2 - 263*j. Let w = -4 - -11. Give t(w).
-9
Let t be (-6)/15 - -2*(-321)/(-30). Suppose -j - t = 6*j. Let c(x) be the first derivative of 2*x**3/3 + 5*x**2/2 + 2*x + 80. Determine c(j).
5
Suppose 0 = 3*m + 2*q - 22, -q = -m - 4*m + 41. Suppose -m*x - 29 = -5. Let o(i) be the first derivative of -i**2/2 + 2*i - 44. Calculate o(x).
5
Let j(f) = f**3 + 7*f**2 - f - 9. Let o(c) = 17*c + 199. Let p be o(-12). Let z be (((-315)/36)/p)/(2/(-8)). Give j(z).
-2
Let o(s) = s**3 + 17*s**2 + 9*s + 42. Let i(b) = -2*b + 1. Let c(t) = -5*i(t) + o(t). What is c(-16)?
-11
Let v(w) = -15*w**2 + 30*w. Let q(h) = -7*h**2 + 13*h. Let x(s) = 13*q(s) - 6*v(s). Let r be (-50)/14 - 12/28. Let d be -10 - (-2 - 4/r). What is x(d)?
18
Let l(m) = 9*m**2 - 15*m**2 + 4*m**2 + 257*m - 50 - 231*m. Calculate l(10).
10
Let a = 1648 - 1644. Let u(l) = -2*l**2 + 10*l - 1. What is u(a)?
7
Let f be (-94)/1128 + (-25)/(-12). Let w(i) be the third derivative of -i**4/24 + 2*i**3/3 - i**2 - 19*i. What is w(f)?
2
Let i(j) be the second derivative of -j**3/3 - j**2 + j - 16. Let h be i(2). Let b(c) = 3*c. Determine b(h).
-18
Let c(a) = 143*a - 174. Let x(d) = 61*d - 87. Let b(f) = -4*c(f) + 9*x(f). What is b(-4)?
5
Let b be 3/(3 + 7/(-14)*4). Let t(l) = -4*l**3 - 4*l**2 + 2. What is t(b)?
-142
Let m(n) be the first derivative of -2*n**2 - 11*n + 2562. What is m(-4)?
5
Let i(m) = m**2 - 2*m. Let v be i(-1). Let z be 2/(-8)*(-20 + 16) - v. Let p(o) = o**3 + 2*o - 1. What is p(z)?
-13
Let q(h) = 29*h - 7. Let v(g) = 19*g - 4. Let p(u) = 4*q(u) - 5*v(u). Determine p(4).
76
Let v(b) = 10*b + 314. Let t(c) = -109*c + 514. Let r be t(5). Determine v(r).
4
Let v = 37 + -44. Let y be (1 - (-3)/v)/((-3)/(-21)). Suppose -y*n + 49 = 73. Let k(b) = -b**2 - 3*b + 4. What is k(n)?
-14
Let s(y) = y**2 + 4*y + 5. Let t be s(-4). Let j(i) = -i - 3*i - 3*i + 4*i - 3*i + 6. Determine j(t).
-24
Let l(w) = 511*w + 16. Let k be l(1). Let u(f) = -6*f + 4*f - k + 250 + 262. Give u(-11).
7
Suppose 0 = 2*n + 3*j - 21, 181 - 207 = -2*n - 4*j. Let s(m) = 4*m**2 - 15*m + 5. Calculate s(n).
-4
Let r(u) = 2*u + 24. Let b = 3719 - 3705. Give r(b).
52
Let z = -2379 + 2374. Let p(j) = j**3 + 6*j**2 + j + 4. Calculate p(z).
24
Let h be (-2*5)/(2 + 0). Let t = 13 - h. Suppose 22*g = t*g + 4. Let n(f) = -2*f**3 - f**2 + 2*f - 1. What is n(g)?
-2
Let g be 96/(-42) + (-2)/(-7). Let r be (g + 7)*5/(-25). Let h(z) = 3*z + 1. What is 